ors of r?
2, 3
Let h(u) = 3*u**3 - 2*u**2 + 2*u - 1. Let s be h(2). Suppose -d + 0*d = s. Let b = -12 - d. List the prime factors of b.
7
Let o(t) = t**2 + 4*t - 5. Suppose 16 = h - 5*x, 4*h - 3*x + x = -8. Let d be o(h). What are the prime factors of (-8)/3*(2 + d)?
2
Let l(u) be the second derivative of -u**5/20 + 3*u**4/4 - 7*u**3/6 - 3*u**2/2 - 2*u. Let c be l(8). List the prime factors of 1 - c*(0 - 1).
2, 3
Let w = 25 + 82. List the prime factors of w.
107
Suppose 7*m - 8*m + 25 = 0. List the prime factors of m.
5
Suppose -3*u = -2*r + 15, -22 = r + 5*u + 3. Suppose -n + 2*n - 3 = r. List the prime factors of n.
3
What are the prime factors of -1 - ((-2)/1 - 7)?
2
Let z(w) be the second derivative of 5/3*w**3 - 3/4*w**4 + 0 + 1/20*w**5 + 7/2*w**2 + w. What are the prime factors of z(8)?
23
Let b(q) = 3*q + 19. List the prime factors of b(0).
19
Let l be 1*14 + 0 + 0. Suppose -10 = 2*n - 3*r + 12, l = -2*n + r. Let x = -3 - n. List the prime factors of x.
2
Let o(c) be the third derivative of c**5/60 + c**4/6 + 3*c**2. What are the prime factors of o(-9)?
3, 5
Let f = 1 - -2. Suppose j - 6*r = -f*r + 18, 50 = 4*j - r. Suppose k - j = -3*k. List the prime factors of k.
3
Let s = 1 + 10. What are the prime factors of s?
11
Suppose -409 = -8*x + 2783. What are the prime factors of x?
3, 7, 19
Let f = 280 + -82. What are the prime factors of f?
2, 3, 11
Suppose 0*q = -4*q + 4*m + 400, -306 = -3*q + m. What are the prime factors of q?
103
Let y = -10 - -16. Let a(w) = 6*w**2 + w + 1. Let o be a(-1). List the prime factors of 76/y + 2/o.
13
Suppose -6 = -5*w - 3*k + 18, -3*w - 3*k + 12 = 0. List the prime factors of ((-4)/w)/((-1)/18).
2, 3
List the prime factors of (15 + -1)*(-1 + -5)/(-6).
2, 7
Let d = 8 + -6. Let w(k) = 2*k - 2. Let f be w(d). Suppose 5*b = 3*b - 2*v + 2, 2*v = f*b - 10. What are the prime factors of b?
3
Let g be ((-244)/(-12))/(2/6). Suppose -13 = 3*v - g. Let n = 26 - v. List the prime factors of n.
2, 5
Suppose 3*u - 5*u + 50 = 0. List the prime factors of u.
5
Let t(d) = -d**3 - 6*d**2 + 2*d + 8. Let z be t(-6). Let m(c) = -c**2 - 5*c - 5. Let p be m(z). Let o(j) = -5*j + 1. What are the prime factors of o(p)?
2, 3
Suppose -2 = r - 3. Let i = 3 - 2. Let h = i + r. List the prime factors of h.
2
Suppose -3*y + 18 = -3*f, 3*y + 14 = -0*y - 5*f. Suppose y*q - q + 24 = 0. Let x = 38 + q. List the prime factors of x.
2, 7
Suppose -5*g + 5*s + 165 = 0, 5*g = -2*s + 3*s + 157. Let i = 67 - g. What are the prime factors of i?
2, 3
Suppose -4*m + 10 = -6. Suppose 8 = 3*q - 5*k + 22, -k = -4*q + m. Suppose -4 = -5*n + 3*l, -3*n + 0*l + q = -2*l. List the prime factors of n.
2
Suppose n - 3 = -1. Suppose -n*d - d = -27. List the prime factors of d.
3
Suppose 2*q + q - 5*i - 22 = 0, -3*q = -4*i - 17. Let u(n) = -n. Let g(k) = -11*k + 1. Let a(x) = g(x) - 3*u(x). What are the prime factors of a(q)?
3
Suppose 0 = -5*p - 25, -2*y = 5*p + 26 - 3. Let s be y/((-1 - -3)/8). Suppose -4*x + 64 = 5*j, j - 8 = -0*j + s*x. What are the prime factors of j?
2, 3
Let o(f) = f**3 - 11*f**2 + 13. Let x be o(11). Let b = x + -8. Suppose h = -b*u + 65, 6*h - h = u - 39. What are the prime factors of u?
2, 7
Suppose -2*x = 3*x + 40. Let z be x/36 + 86/(-18). Let n(m) = -m**3 - 5*m**2 - m - 1. List the prime factors of n(z).
2
Suppose -4*b + 37 = 3*t - 16, -4*t + 12 = 0. Let j = b - 7. Suppose 6 + j = a. List the prime factors of a.
2, 5
Let c(n) = -7 - 2 + 0 + 16*n + 3 - n**2. What are the prime factors of c(13)?
3, 11
Suppose -5*u = -3*z + 4*z - 1380, 255 = u - 4*z. What are the prime factors of u?
5, 11
Let z be 67/3 - (-4)/(-12). List the prime factors of 272/44 - 4/z.
2, 3
Let i = 44 - 25. What are the prime factors of i?
19
Let i(z) = z**3 + 3*z**2 - z - 3. Let v be i(-3). Suppose -5*u + 10 = v, 3*b - 6*u = -u + 20. List the prime factors of b.
2, 5
Let s(y) = 4*y + 12. Let u be s(-5). What are the prime factors of u/(-5)*(-5)/(-2)?
2
Suppose 4*n + 293 - 85 = 0. Let c = -8 - n. Suppose v + 5*w = 20, 3*w = 6*v - v - c. What are the prime factors of v?
2, 5
Let z be (-1)/3*(-2 - -2). Let d be (16/(-2))/(-2 - z). Let c = d - 2. List the prime factors of c.
2
List the prime factors of -1 + -1 + -2 + (198 - 3).
191
Let k be -1 - -1 - (-5 - -17). Let g = -8 - k. List the prime factors of g.
2
Let t = -4 + 11. Suppose -4*s = -t*s + 60. Suppose -6*g + 2*g = -s. List the prime factors of g.
5
Suppose -4*u = -9*u + 15. What are the prime factors of u?
3
Suppose 24 = 2*n + 3*u - 8*u, -n - 3*u = 10. Suppose n*h - 1 = 3. Suppose -l - 10 = -h*l + 2*x, 4*x + 56 = 5*l. What are the prime factors of l?
2, 3
Let q be (-3 + 3)/(-1 + -1). Suppose q = -u - u - 8. What are the prime factors of (-1)/u*6*8?
2, 3
Suppose 5*r - 130 = -10. Suppose -4*d - 3*l + r = -1, -4*d - 5*l + 31 = 0. List the prime factors of d.
2
Suppose -2*q + 12 = 5*l, -q - 1 = 3. Suppose -28 = -l*o - 3*m, -o = -5*m - 6 - 24. What are the prime factors of 2/o + (-320)/(-25)?
13
What are the prime factors of (32/(-24))/(0 + (-6)/855)?
2, 5, 19
Suppose 88 = 4*l + 16. What are the prime factors of l?
2, 3
Suppose -a - 9 = -m, 4*m + 9 = -2*a - 3*a. Let g(l) = l**2 + 5*l - 6. Let o be g(-6). Suppose o = -m*h + h + 36. What are the prime factors of h?
2, 3
Let t = 21 - -7. What are the prime factors of t?
2, 7
Let t(p) = -p**2 - 14*p + 2. Let k be t(-14). Suppose -2*f + 152 = k*f. List the prime factors of f.
2, 19
Let z = 4 + -2. Suppose 2*f = -f + 255. Suppose 5*a = a + z*g + 38, -5*a + f = 5*g. List the prime factors of a.
2, 3
Suppose -4*d + 2*n + 14 = 0, 4*d + n = 7*d - 11. Suppose 1 - 4 = -p - 4*q, 0 = 2*p + d*q - 10. What are the prime factors of p?
7
Let n(k) = k - 6. Let m be n(10). Suppose -b + 99 = 4*b - 2*t, -m*b = -4*t - 72. Let w = b - 9. List the prime factors of w.
2, 3
Let a = 23 + 72. List the prime factors of a.
5, 19
Let v(a) = a**3 - 18*a**2 - 9*a - 19. List the prime factors of v(19).
3, 19
What are the prime factors of 30 + 0/(8/4)?
2, 3, 5
Let g = 192 - 95. List the prime factors of g.
97
Suppose 3*o - 46 = -2*u + 6*u, 3*u + 7 = o. Suppose -c = c - o. List the prime factors of c.
11
Suppose 2*i + 117 = 4*i - k, 3*i - 2*k - 177 = 0. List the prime factors of i.
3, 19
Suppose 3*r = -y + 516, 501 = 3*r + 16*y - 20*y. What are the prime factors of r?
3, 19
Let u = -5 - -7. Suppose 5*s + u*r = r + 110, 2*r = 0. What are the prime factors of s?
2, 11
What are the prime factors of (9/(-6))/(3/(-78))?
3, 13
Let p(h) = 74*h + 5. Let o be p(2). What are the prime factors of 34/o + (-430)/(-9)?
2, 3
What are the prime factors of 1 + (-430)/(-6) + (-12)/(-9)?
2, 37
Suppose -3*t - 5 = 4*g, -5*g = -0*t + 5*t + 5. Suppose t = -2*a + 19. List the prime factors of a.
3
Let y = 11 + -9. Let b(f) = 9*f**2 + 1. List the prime factors of b(y).
37
Let d be 15/(-6)*(-16)/10. Suppose 9*y = d*y. Suppose y*c + 8 = c. What are the prime factors of c?
2
Let z(m) = 21*m**2 + 8*m + 7. What are the prime factors of z(-3)?
2, 43
Let q = 1 - 4. Let n be ((-1)/(-1))/(q/18). What are the prime factors of (-2)/(-6) + (-52)/n?
3
Let d(l) = l**3 + 2*l**2 + 2*l. Let n(p) = p - 1. Let w be n(-2). Let k be d(w). Let v = k + 27. List the prime factors of v.
2, 3
Suppose 2*g + 14 = 4. Let z(x) = -x**3 - 7*x**2 - 7*x - 7. Let s be z(g). What are the prime factors of 5/(-10) - s/4?
5
Suppose 0 = -b + 2*a + 22, -124 = 3*b - 8*b - 4*a. List the prime factors of b.
2, 3
Let a be ((-156)/10)/(9/(-30)). Suppose -2*c = 3*s - 29, -5*s = c - 8 - a. List the prime factors of s.
13
Suppose 2*v + 2*x + 17 = 7*x, -5*v - 3*x = -35. List the prime factors of ((-5)/v)/((-1)/4).
5
Let t = 101 - 58. Suppose 3*z + z - n = t, 3*z = 3*n + 39. List the prime factors of z.
2, 5
Let w(i) = i**3 + 9*i**2 + 2*i + 3. Let z be w(-8). Suppose 3*b - z + 6 = 0. List the prime factors of b.
3, 5
Suppose 4*k - 113 = 107. Let c = -36 + k. List the prime factors of c.
19
Suppose 2*y - 128 = 92. What are the prime factors of y?
2, 5, 11
Let w(y) = -y**3 + 8*y**2 - 4*y - 3. Let k = -6 - -13. Let v be w(k). Suppose 2*d = -3*t + v, 2*d + 0*d - 2 = 5*t. What are the prime factors of d?
2, 3
Let a(j) = -j**3 - 15*j**2 - 4*j - 6. Let f be a(-15). List the prime factors of 1*(f - (0 + -1)).
5, 11
Let v(p) = 2*p. Let w be v(1). List the prime factors of w/12 + 